f 256449655.
5, 7, 11, 23, 28961
List the prime factors of 304117891.
7, 11, 23, 67, 233
What are the prime factors of 215818717?
215818717
What are the prime factors of 208914616?
2, 547, 47741
List the prime factors of 22251792.
2, 3, 463579
List the prime factors of 104937424.
2, 6558589
List the prime factors of 2019368922.
2, 3, 11551, 29137
What are the prime factors of 1586247259?
1277, 1242167
List the prime factors of 1534968530.
2, 5, 3169, 48437
What are the prime factors of 1390391389?
79, 17599891
What are the prime factors of 1318785079?
19, 47, 1476803
What are the prime factors of 1007536864?
2, 19, 59, 28087
List the prime factors of 132548491.
79, 631, 2659
List the prime factors of 670544584.
2, 1103, 75991
List the prime factors of 27668117.
29, 131, 7283
What are the prime factors of 1511314063?
7, 401, 607, 887
What are the prime factors of 318610141?
17, 18741773
What are the prime factors of 215912927?
67, 3222581
What are the prime factors of 1312916586?
2, 3, 2903, 75377
List the prime factors of 313500209.
11, 19, 557, 2693
List the prime factors of 75643176.
2, 3, 7, 450257
List the prime factors of 645205818.
2, 3, 113, 367, 2593
What are the prime factors of 4058362304?
2, 19, 3337469
What are the prime factors of 88530152?
2, 17, 41, 15877
What are the prime factors of 61414451?
7, 1381, 6353
What are the prime factors of 229108411?
7, 5147, 6359
What are the prime factors of 4324731880?
2, 5, 7, 31, 43, 11587
What are the prime factors of 1476531079?
281, 5254559
What are the prime factors of 2072860?
2, 5, 103643
List the prime factors of 581595264.
2, 3, 504857
List the prime factors of 221041014.
2, 3, 179, 277, 743
What are the prime factors of 97710482?
2, 53, 449, 2053
What are the prime factors of 13939783?
11, 13, 43, 2267
List the prime factors of 396744006.
2, 3, 2711, 24391
What are the prime factors of 623510356?
2, 7, 71, 313637
List the prime factors of 44511573.
3, 53, 131, 2137
What are the prime factors of 1353739852?
2, 17, 131, 151969
List the prime factors of 971214418.
2, 3919, 123911
What are the prime factors of 391682337?
3, 130560779
List the prime factors of 878932614.
2, 3, 7, 4153, 5039
List the prime factors of 1856644716.
2, 3, 154720393
List the prime factors of 57191063.
31, 131, 14083
List the prime factors of 1036418725.
5, 41456749
What are the prime factors of 9456362184?
2, 3, 53, 73, 101839
List the prime factors of 207468187.
17, 717883
List the prime factors of 83733578.
2, 137, 305597
What are the prime factors of 2544821586?
2, 3, 141378977
List the prime factors of 148833995.
5, 113, 263423
List the prime factors of 407465925.
3, 5, 19, 73, 3917
List the prime factors of 1387233094.
2, 13, 449, 118831
List the prime factors of 922462273.
43, 21452611
What are the prime factors of 1657886625?
3, 5, 1473677
List the prime factors of 572496402.
2, 3, 4783, 19949
List the prime factors of 79656824.
2, 13, 765931
What are the prime factors of 39909706?
2, 19954853
What are the prime factors of 489364327?
489364327
What are the prime factors of 1341036800?
2, 5, 317, 661
What are the prime factors of 203595925?
5, 13, 19, 32971
List the prime factors of 29045242.
2, 14522621
What are the prime factors of 166828532?
2, 13, 29, 110629
What are the prime factors of 1306464467?
7, 11, 17, 41, 2213
What are the prime factors of 109243001?
7, 197, 11317
What are the prime factors of 84189708?
2, 3, 2338603
What are the prime factors of 8503224039?
3, 23, 41078377
List the prime factors of 346689911.
2837, 122203
What are the prime factors of 2105423083?
59, 35685137
List the prime factors of 194389226.
2, 4177, 23269
What are the prime factors of 1654831025?
5, 23, 157, 797
What are the prime factors of 107307202?
2, 53653601
What are the prime factors of 84845974?
2, 41, 1034707
What are the prime factors of 374480046?
2, 3, 17, 379, 3229
What are the prime factors of 55823711?
55823711
List the prime factors of 242898283.
3463, 70141
What are the prime factors of 6407992979?
541, 11844719
List the prime factors of 658794158.
2, 11, 29945189
What are the prime factors of 14840766?
2, 3, 274829
List the prime factors of 6614432579.
1579, 4189001
What are the prime factors of 60575126?
2, 30287563
What are the prime factors of 156221855?
5, 947, 32993
What are the prime factors of 64759205?
5, 7, 17, 127, 857
What are the prime factors of 55908499?
55908499
List the prime factors of 284408211.
3, 3109, 30493
List the prime factors of 46773326.
2, 19, 64783
List the prime factors of 1001471934.
2, 3, 23, 7257043
List the prime factors of 22576472.
2, 941, 2999
What are the prime factors of 2076463457?
2076463457
List the prime factors of 10691650.
2, 5, 213833
List the prime factors of 1613686357.
67, 2437, 9883
What are the prime factors of 396659773?
59, 2269, 2963
List the prime factors of 13213778.
2, 19, 347731
List the prime factors of 302112766.
2, 2411, 62653
List the prime factors of 3900969274.
2, 37, 67, 786803
List the prime factors of 1115378169.
3, 23, 73, 79, 2803
What are the prime factors of 16621540?
2, 5, 13, 63929
What are the prime factors of 376679143?
376679143
What are the prime factors of 3398683809?
3, 17, 66640859
What are the prime factors of 44079343?
7, 11, 43, 13313
What are the prime factors of 15153949?
131, 115679
What are the prime factors of 17986069?
23, 782003
What are the prime factors of 808894476?
2, 3, 13, 17, 293, 347
What are the prime factors of 41208276?
2, 3, 43, 79861
List the prime factors of 9191041220.
2, 5, 131, 3508031
What are the prime factors of 302593170?
2, 3, 5, 11, 31, 2689
What are the prime factors of 8316120438?
2, 3, 977, 472883
List the prime factors of 1119229324.
2, 167, 503, 3331
What are the prime factors of 76570420?
2, 5, 3828521
List the prime factors of 206261619.
3, 233, 295081
What are the prime factors of 698390999?
19, 131, 280591
List the prime factors of 1173298416.
2, 3, 31, 37, 101, 211
What are the prime factors of 788589020?
2, 5, 157, 251143
List the prime factors of 322625084.
2, 80656271
List the prime factors of 165175104.
2, 3, 37, 23251
What are the prime factors of 602282586?
2, 3, 8287, 12113
List the prime factors of 11127789.
3, 613, 2017
List the prime factors of 1065147195.
3, 5, 7, 43, 269, 877
What are the prime factors of 1039719494?
2, 11, 47259977
What are the prime factors of 70143700?
2, 5, 11, 17, 31
What are the prime factors of 593799853?
29, 20475857
List the prime factors of 489907660.
2, 5, 11, 2226853
What are the prime factors of 106805439?
3, 13, 97, 3137
What are the prime factors of 33653728?
2, 53, 19843
List the prime factors of 77720059.
23, 673, 5021
List the prime factors of 124685025.
3, 5, 1662467
List the prime factors of 641444095.
5, 31, 4138349
What are the prime factors of 273045355?
5, 11, 4964461
What are the prime factors of 1353604658?
2, 7, 96686047
What are the prime factors of 189666492?
2, 3, 41, 385501
List the prime factors of 140244814.
2, 19, 431, 8563
List the prime factors of 34524420.
2, 3, 5, 7, 11743
What are the prime factors of 466231279?
466231279
List the prime factors of 166521521.
61, 2729861
What are the prime factors of 4640282538?
2, 3, 929, 832487
What are the prime factors of 138168060?
2, 3, 5, 587, 3923
List the prime factors of 46573239.
3, 409, 37957
List the prime factors of 55235774.
2, 11, 19, 41, 293
What are the prime factors of 381292723?
7, 5569, 9781
What are the prime factors of 868171504?
2, 17, 89, 35863
List the prime factors of 394849553.
7, 149, 378571
List the prime factors of 4335998374.
2, 73, 271, 109589
List the prime factors of 119177143.
3853, 30931
List the prime factors of 14537810.
2, 5, 7, 29669
What are the prime factors of 737241962?
2, 368620981
List the prime factors of 315973965.
3, 5, 131, 401
List the prime factors of 68651308.
2, 11, 1560257
What are the prime factors of 146224710?
2, 3, 5, 491, 1103
What are the prime factors of 1251995367?
3, 7, 19, 223, 14071
What are the prime factors of 119007722?
2, 59503861
What are the prime factors of 21120966?
2, 3, 79, 4951
What are the prime factors of 268320698?
2, 19, 73, 197, 491
What are the prime factors of 4549485?
3, 5, 303299
What are the 